is divided by x?
16
Let j be 1/2 + 65/10. Suppose 4*w = t + 11 + 10, 4*w - 20 = 0. Calculate the remainder when 11 is divided by j + 0 + 3/t.
3
Let y(f) = -f**3 - 4*f**2 - 3*f + 3. Let u = 27 - 30. What is the remainder when 13 is divided by y(u)?
1
Suppose 0 = -3*k + 21 + 9. Suppose 0 = -3*p - 2*h + 152, -4 = h - 2*h. Calculate the remainder when p is divided by k.
8
Let h(x) = -x**3 + 5*x**2 + 14*x + 3. Calculate the remainder when h(5) is divided by 10.
3
Let q = 224 - 176. Suppose -14 = -4*b + 5*v, 4*b + v - 4*v = 10. Calculate the remainder when q is divided by b*(-2 + 19)*1.
14
Suppose 5*g - 3 - 7 = 0, 62 = i - 4*g. Let f = 2 + i. What is the remainder when f is divided by 21?
9
Let h(f) = 66*f - 145. Calculate the remainder when h(3) is divided by 11.
9
Suppose 5*b = o + 8, 5*o - 3*o - b - 2 = 0. Suppose 5*f - 633 = -0*a - o*a, -f + 2*a = -117. Calculate the remainder when f is divided by 43.
39
Suppose 3*z = -6*f + 5*f + 87, 145 = 5*z + 5*f. Calculate the remainder when 54 is divided by z.
25
Suppose -3*i + 146 = t, -2*i - t - 21 + 120 = 0. Let u = -5211 - -5227. What is the remainder when i is divided by u?
15
Let q(i) = i**3 - 7*i**2 + 9. Suppose -8 = -5*z + 7. Let u = z - -22. Calculate the remainder when u is divided by q(7).
7
Suppose 0*p - 3*p - 8 = 17*y, -4*p + 5*y = -17. What is the remainder when -11*1/(0 + -1) is divided by p?
2
Suppose -17*h + 270 = 13*h. What is the remainder when 60 is divided by h?
6
Let s be 3/(4 + 3/(-1)). Suppose 0 = -s*x + 79 + 29. Calculate the remainder when 142 is divided by x.
34
Let s(z) = -45*z**2 - 419*z - 16. Let p(u) = -12*u + 1. Calculate the remainder when s(-9) is divided by p(-3).
36
Calculate the remainder when 249 is divided by 5/((-60)/(-258)) + 2/(-4).
18
Let s = -1775 + 1850. Calculate the remainder when 251 is divided by s.
26
Suppose 13*c + 6 = 97. Calculate the remainder when 67 is divided by c.
4
Suppose -31*b = -33*b + 56. What is the remainder when b is divided by 23?
5
Let l(y) = -9*y**3 - 2*y**2 - 2*y + 1. Let v = -3 + 3. What is the remainder when l(-2) is divided by 2 + (v - 0) + (-132)/(-4)?
34
Let k = 32 + 3. What is the remainder when 0 + -2 + 10*7 + -3 is divided by k?
30
Let b(f) = 4*f - 2. Let q be b(-2). Let z = -7 - q. Calculate the remainder when -28*((-28)/(-16) - z) is divided by 18.
17
Let m(w) = w**3 - 7*w**2 - 7*w - 6. Let g be m(8). Calculate the remainder when -7 - (-2 - g) - -9 is divided by 6.
0
Suppose 128 = z + 3*z. Let h(d) = -2*d - 5. What is the remainder when z is divided by h(-8)?
10
Let f = 75 - -30. What is the remainder when f is divided by 19?
10
Let t = 68 + 14. What is the remainder when t is divided by (-2)/(-10) - (-418)/10?
40
Suppose 160 = 20*b + 12*b. Suppose -23 = -3*w + 2*w. Calculate the remainder when w is divided by b.
3
Let l(s) = -2*s**3 - 45*s**2 + 22*s + 6. Calculate the remainder when l(-23) is divided by 13.
3
Suppose 5*j = 4*u + 212, -15*j = -16*j + u + 43. Calculate the remainder when 50 is divided by j.
10
Let b(r) = -r + 72. Suppose 3*v + 2*z - 55 = 0, -2*v + 3*z = 13 - 54. Calculate the remainder when b(0) is divided by v.
15
Suppose 0 = 5*z - 8*z + 165. Let v(l) = 4*l - 9. What is the remainder when z is divided by v(6)?
10
Let v = 11 - -12. Suppose 423*m - 454*m = -6386. What is the remainder when m is divided by v?
22
Let j be (1 - (4 - 3))/4. Suppose -b + j*b = 4*g - 31, g = 2*b - 71. What is the remainder when b is divided by 6/(-1)*(-1 + -1)?
11
Let f(y) = 25*y. Let g = 202 + -103. What is the remainder when g is divided by f(1)?
24
Calculate the remainder when 173 is divided by (-52)/(-18) + 228/108 + -2.
2
Suppose 0*t = -3*t. Suppose 5*i + b = 103, 2*i - 4*i - 2*b + 38 = t. Let d = 2 + i. Calculate the remainder when 90 is divided by d.
21
Let c = 31 - 22. Suppose -l + n + 2 = -c, -5*n = 0. What is the remainder when 30 is divided by l?
8
Let h(t) = -156*t - 2955. Let d(g) = g**2 + 7. What is the remainder when h(-19) is divided by d(0)?
2
Let m = 40 + -6. Let q = 446 - 426. What is the remainder when m is divided by q?
14
Suppose -3*u + 5*d + 13 = 1, u + 5*d + 16 = 0. What is the remainder when (1/u)/(8/(-248)) is divided by -12*(-8)/(-6)*-1?
15
Let j(y) = -2*y**2 + 3*y**2 - 8*y + 6 + y**3 - 4. Calculate the remainder when 25 is divided by j(3).
11
Let x(s) = -s**3 - 8*s**2 + s + 12. Let i be x(-5). Let h = i - -96. Calculate the remainder when 109 is divided by h.
25
Suppose -3*u = -2*c + 24, 5*c - 2*u = -0*u + 82. Calculate the remainder when 61 is divided by c.
7
Let f(a) = 3*a + 1. Let m = 282 + -430. Let i = -101 - m. Calculate the remainder when i is divided by f(8).
22
Let v(b) = -3*b - 50. What is the remainder when 63 is divided by v(-24)?
19
Suppose -327 + 1267 = 4*m. Calculate the remainder when m is divided by 48.
43
Suppose 2*c - 13 - 77 = 0. Suppose -3*z - 4*n + 18 = -53, -3*z + 56 = n. Calculate the remainder when c is divided by z.
11
Suppose 14*d - 37 = -9. Let a(k) = 7*k**2 + 0 + 1 + 2*k - 5*k. Calculate the remainder when a(d) is divided by 13.
10
Let g = 647 - 429. Let t = g + -120. Calculate the remainder when t is divided by 33.
32
What is the remainder when -6 + -5*3/(-15) - -198 is divided by 49?
46
Suppose 0 = 2*u + 7 + 1. Let t(o) = -3*o - 2. Let x be t(u). Calculate the remainder when 27 is divided by x - 0/(3 - 4).
7
Suppose 2*s + 53 = 3*s + 5*u, 5*s = u + 317. What is the remainder when 314 is divided by s?
62
Suppose -l = -6*l + 5*p + 85, l = 2*p + 11. Let u = -1 - -5. Suppose -36 = -0*r - u*r. What is the remainder when l is divided by r?
5
Suppose 18*l - 626 = 1246. What is the remainder when l is divided by 19?
9
Let w(s) = 3*s**2 + s + 8. Let m(r) = -5*r**3 - r**2 + 3*r + 1. Calculate the remainder when w(4) is divided by m(-2).
29
Suppose -4*c + 29 + 19 = 0. Let x(q) = 1 + 2 - c*q - 2. What is the remainder when x(-5) is divided by 16?
13
Let n = 6 - 4. Suppose 0 = -n*o - 3*r + 194, 7*r - 5*r = 3*o - 265. What is the remainder when o is divided by 23?
22
Let s(m) = m**3 + 7*m**2 - 3. Suppose -14 + 50 = -6*h. What is the remainder when 128 is divided by s(h)?
29
Suppose 2*d + 4*w = 211 + 271, 1179 = 5*d - 3*w. What is the remainder when d is divided by 82?
73
Suppose -12*d + 634 = -11*d. Calculate the remainder when d is divided by 11.
7
Let c(o) = -3*o + 263. What is the remainder when c(26) is divided by 62?
61
Suppose -2*u - 8 = -6*u. Suppose 3*r + 51 = 3*f - 0*f, -u*f = -r - 33. What is the remainder when 47 is divided by f?
15
Suppose -5*j = -5*c - 450, -3*c = 2 - 8. Let p be 2/(-10) - 104/(-20). Suppose 0 = -0*q - p*q + 155. What is the remainder when j is divided by q?
30
Suppose 20*s = 440 + 20. Calculate the remainder when 573 is divided by s.
21
Suppose 12 = 3*s - 0. Suppose 5*x - s*n + 53 = 0, 1 = 5*n - 9. Let d(y) = -3*y - 3. Calculate the remainder when d(x) is divided by 13.
11
Calculate the remainder when 1088 is divided by ((-110)/40)/((-4)/(2 + 174)).
120
Let d(l) = l**3 - 25*l**2 + 3*l - 12. What is the remainder when d(25) is divided by 49?
14
Suppose 0 = 10*b - 12*b + 20. Suppose -5*s = -b - 45. What is the remainder when 53 is divided by s?
9
Let v(k) = 6*k**3 + k**2 + k - 2. Let c(p) = p + 9. Let r be c(-8). Let i = -52 + 75. What is the remainder when i is divided by v(r)?
5
Let g be (44/10)/(8/(-40)). Let l = -17 - g. Suppose -2 = -m, 5*c + 0*c + l*m = 85. Calculate the remainder when 72 is divided by c.
12
Let d = -1711 - -1842. Suppose 2*f + q - 10 - 30 = 0, f - 11 = 4*q. Calculate the remainder when d is divided by f.
17
Let n(r) = r**2. Let d(y) = 3*y - 1. Let f(m) = -d(m) - n(m). Let b be f(-5). Let p = b + 23. Calculate the remainder when p is divided by 8.
6
Let m be (-16)/2 + -2 + 0. Let n = 7 + m. Calculate the remainder when 12 is divided by (3/n)/((-3)/21).
5
Let f(i) = -i**3 - 4*i**2 + i + 1. Let u be f(-3). Let y = u - -46. Calculate the remainder when y is divided by (-50)/(-4) + (45/10 - 5).
11
Suppose 85 = 7*u - 62. Suppose 5 + u = h. What is the remainder when h is divided by 9?
8
Let f(a) = -a**2 + 24*a + 68. What is the remainder when 173 is divided by f(26)?
13
Let s be 0/(2/(-8)*-4). Suppose o = -3*o - 2*d + 24, s = 3*o - d - 18. Let r = o + 7. Calculate the remainder when 23 is divided by r.
10
Let z = -59 - -69. Suppose -2*w = z 